 h(y) = y**2 - 3*y + 8. Let p be h(6). Suppose -23*q + 7*q + 832 = 0. Calculate the greatest common factor of q and p.
26
Suppose 0 = 3*n + v - 1346, 20*n - 2236 = 15*n + 2*v. Calculate the highest common divisor of n and 28.
28
Suppose -4*k = 4*l - 2908, -l = -2*k + 2*l + 1439. Let w be (-2)/10 + k/20. What is the highest common divisor of w and 108?
36
Let y = -22 + 24. Suppose -4*s + 2*g = 3*g - 17, -21 = -3*s + y*g. What is the highest common factor of 2 and s?
1
Suppose 18*l + 21*l - 780 = 0. Calculate the greatest common factor of 55 and l.
5
Let h(v) = -10 + 33 - 8*v + 10. Let f be h(-9). What is the highest common factor of 30 and f?
15
Suppose 0 = -14*j + 1502 + 4504. Calculate the highest common divisor of j and 33.
33
Let f(a) = 77*a - 929. Let h be f(59). What is the greatest common factor of h and 26?
26
Let d be 3 + 114/(-30) + (-24)/(-5). Suppose 0*n - 5 = -n. Let c(q) = 7*q - 7. Let b be c(n). Calculate the highest common divisor of b and d.
4
Let o be (-3)/(298/152 + -2). Let v = 55 - 17. Suppose 0*l = 2*l - v. Calculate the highest common factor of o and l.
19
Suppose 5*m = -5*d - 61 + 6, -76 = 5*m - 2*d. Let w(r) = -r**2 - 15*r - 6. Let b be w(m). Calculate the highest common divisor of b and 32.
8
Let i = 24 - 21. Suppose i*u - 236 = 4. Calculate the highest common factor of 16 and u.
16
Let v(t) = 6*t**2. Let g(u) = -u. Let j be g(5). Let a be v(j). Suppose -5*r + a = 4*f, r + 3*r - 5*f = 79. Calculate the greatest common factor of 13 and r.
13
Suppose v - 4*f - 20 = 0, -3*v - 5*f - 25 = -v. Let w be (86/6 - v) + 26/(-78). What is the greatest common factor of 56 and w?
14
Let o = -325 - -341. What is the highest common factor of 368 and o?
16
Suppose -6*m + 341 = 227. What is the greatest common divisor of 608 and m?
19
Let l = -34 - -34. Let g be (-3 - (l - 7) - -53) + -2. What is the highest common factor of g and 33?
11
Let h = -20 + 24. Suppose -h*j = 41 - 57. What is the greatest common divisor of j and 1?
1
Suppose -5*s - 532 = -100*r + 96*r, 2*r - 260 = 4*s. Calculate the greatest common factor of r and 368.
46
Suppose -3*w - 882 = -2*p, -9*p - 436 = -10*p + 4*w. Calculate the highest common divisor of p and 36.
12
Let s(f) = 52*f**2 + 21*f - 41. Let h be s(2). What is the greatest common divisor of 152 and h?
19
Suppose -x - 210 = -6*x. Let d = 27 - 25. Suppose -5*g + 22 = 2*t + d*t, -5*g + 4*t + 38 = 0. Calculate the greatest common factor of x and g.
6
Suppose -15 = -5*d + q, 3*q + 12 = 4*d - q. Suppose -30*x - 12112 = -13552. What is the greatest common factor of d and x?
3
Let r be (-8)/36 + 164/9. Suppose -7 = -2*g - 1. Suppose 0 = -5*v + g*n + 141, -3*n + 6 = -6*n. Calculate the highest common divisor of v and r.
9
Let p(k) = -4*k - 8. Let h be p(6). Let u be (-2)/((h/(-12))/4). Let g(j) = -31*j - 2. Let x be g(u). What is the highest common factor of x and 13?
13
Suppose -37*w + 19*w = -558. Calculate the highest common divisor of w and 589.
31
Let o(q) = -q**2 + 42*q - 215. Let r be o(36). Calculate the highest common factor of 11 and r.
1
Suppose p - 41 + 1 = 0. Let j = 82 - p. What is the greatest common divisor of 12 and j?
6
Let z(i) = -i - 5. Let b be z(-9). Suppose b*w - 194 - 66 = 0. What is the highest common divisor of w and 26?
13
Suppose -3*u + 49 = t + 15, 2*u + t - 22 = 0. Let h be u*7*1*(-1)/(-2). Calculate the highest common divisor of 56 and h.
14
Suppose -8 = p - 3*o, -p = -5*o - 8 + 22. Let z be p + 2 + (3 - 2). Suppose z*q + q - 510 = 0. What is the greatest common factor of 17 and q?
17
Let x be (-235)/(-94)*(2 - 876/(-10)). Let c = -68 - -96. What is the highest common factor of x and c?
28
Let z(p) = -p**3 + 7*p**2 + 9*p - 1. Let r be z(8). Let o = r + 11. Calculate the greatest common divisor of o and 18.
18
Suppose -108*b - 378 = -115*b. What is the highest common divisor of b and 270?
54
Let q(j) = -j**2 - 10*j - 12. Let d = -40 + 32. Let n be q(d). What is the highest common factor of 2 and n?
2
Let k be (-4 - -2)*(-9)/2. Let w(x) = -17*x + 540. Let f be w(27). What is the greatest common divisor of k and f?
9
Let u(b) = b - 3. Let g be u(3). Suppose 2*r - f = -r - 228, 4*f = g. Let n = 4 - r. Calculate the greatest common divisor of n and 8.
8
Let x(s) = -s**3 + 3*s**2 - s. Let c be x(2). Suppose -331 = -c*b + 89. Suppose -3*p = -0*p - b. Calculate the highest common factor of 10 and p.
10
Let v(h) = h**3 - 19*h**2 + 17*h + 21. Let g be v(18). Let f be 79 + g/((-9)/12). What is the greatest common divisor of f and 30?
15
Let a = -12 + 23. Suppose 118*r = 116*r + 44. Let c be 112/a + (-4)/r. What is the greatest common factor of c and 2?
2
Let o = -225 + 500. Let k be 173/7 - 2/(-7). What is the highest common divisor of o and k?
25
Suppose 2 = 2*i - 2*p - 134, 0 = -i + 3*p + 78. Calculate the highest common factor of 693 and i.
63
Let p(k) = -k**3 + 4*k**2 - 1. Let z(r) = 2*r**2 - 2. Let d be z(2). Let q = -3 + d. Let v be p(q). Calculate the greatest common factor of 8 and v.
8
Let c = 14 + -11. Suppose -4*v = g - 15, -2*v - c*g = -5*g - 20. What is the highest common factor of v and 40?
5
Suppose o = 5*d + 6*o - 1005, 0 = -d + 4*o + 176. Suppose -u = 16 - 15, -3*u - 101 = -2*c. Calculate the greatest common factor of c and d.
49
Let m = 94 + -69. Suppose 0 = 5*s - 12 - 13. What is the highest common factor of m and s?
5
Suppose -51 = -2*u + x, -4*u + x + 4*x + 99 = 0. Let h(l) = l**2 + 7*l - 10. Let c be h(-8). Let w = u - c. What is the highest common factor of w and 42?
14
Suppose 0 = 2*x + 4*n + 192, -2*x - 191 = -0*x + 5*n. Let p = 102 + x. Calculate the highest common factor of 4 and p.
4
Let c(n) = n**2 - 4*n + 2. Let h be c(6). Suppose -18*u - 24*u = -882. What is the greatest common factor of h and u?
7
Let y = 20 + -22. Let x be (y - -1) + 18 + 3. Suppose 0*s - x = -4*s. Calculate the highest common factor of s and 55.
5
Let t = 37 - 16. Suppose n = -2*v + 3, 3*v = 3*n - 23 - 4. What is the greatest common factor of n and t?
7
Let l(c) = 2*c + 219. Let t be l(-16). Calculate the highest common factor of t and 11.
11
Suppose o - 70 - 116 = 0. Suppose -o = -4*p + 122. What is the greatest common factor of 11 and p?
11
Suppose -2*g - 6 = -5*n, 3*n = 22*g - 20*g - 2. What is the highest common divisor of g and 357?
7
Let m = 78 + -95. Let o(l) = 2*l + 55. Let u be o(m). Calculate the greatest common factor of 14 and u.
7
Suppose -76 = -7*l - 27. Let s(z) = 12*z**2 - 2*z - 3. Let f be s(-2). What is the greatest common factor of l and f?
7
Let i(t) = -100*t**3 + 8*t**2 - 7*t - 14. Let r be i(-2). Calculate the greatest common divisor of 384 and r.
64
Let v = 56 + -54. Calculate the highest common divisor of v and 10.
2
Let t = 534 + -300. What is the highest common factor of t and 144?
18
Let d = -74 + 92. Let m = 29 - d. What is the highest common divisor of 121 and m?
11
Let z be (-114)/(-14) - (-9)/(-63). Let v = 4 - -4. Calculate the highest common divisor of z and v.
8
Let r(t) = 4*t**2 - t + 1. Let l be r(-3). Suppose 4*b - 11*u = -7*u + l, 20 = 5*b + u. What is the highest common factor of 25 and b?
5
Suppose s = 3*d + 156 - 139, -3*s + 4*d + 26 = 0. What is the greatest common factor of s and 82?
2
Suppose 5*x - 3*h = 153 + 113, -4*h - 60 = -x. Suppose -4*d = -2*w + x, 3*w - 158 = -3*d - 35. What is the greatest common divisor of 60 and w?
12
Let h(p) = 15*p**2 + 5*p - 5. Let q be h(-2). Calculate the greatest common divisor of q and 25.
5
Let o be ((-4)/(-12))/((-2)/(-24)). Suppose o*y = 52 - 16. Let x = -25 + 52. Calculate the highest common divisor of x and y.
9
Suppose 0 = -3*n - 1 + 19. Suppose n*a = -10 + 46. What is the highest common factor of 1 and a?
1
Let z(n) = -n. Let l be z(-4). Suppose l*i = i + 9. Suppose 0 = -5*q - i*d + 35, 0*d + 2*d = 4*q - 50. What is the highest common factor of 4 and q?
2
Suppose -21*h = -18*h - 6. Suppose d - 3*b + 50 = h*d, -3*d = -5*b - 206. What is the highest common divisor of d and 93?
31
Suppose 4*u - 148 = -5*a, 0 = -2*a - u + 14 + 44. Suppose -5*c + 3*c = -a. Calculate the highest common divisor of 70 and c.
14
Let k(o) = o**2 - 4. Let l be k(-4). Let a = l - -32. Calculate the greatest common factor of 4 and a.
4
Let d(q) = q + 1. Let l be d(4). Suppose -3*y + 1 = 3*p - 2, l*p - 3*y = 45. Let c = -79 + 127. Calcu